{"id":2902,"date":"2023-08-24T14:03:59","date_gmt":"2023-08-24T14:03:59","guid":{"rendered":"https:\/\/peritosjudiciales2020.com\/?page_id=2902"},"modified":"2023-08-24T14:10:44","modified_gmt":"2023-08-24T14:10:44","slug":"reclamaciones","status":"publish","type":"page","link":"https:\/\/peritosjudiciales2020.com\/index.php\/services\/reclamaciones\/","title":{"rendered":"Reclamaciones"},"content":{"rendered":"\t\t<div data-elementor-type=\"wp-page\" data-elementor-id=\"2902\" class=\"elementor elementor-2902\">\n\t\t\t\t\t\t<section class=\"elementor-section elementor-top-section elementor-element elementor-element-262d9df elementor-section-content-middle elementor-section-boxed elementor-section-height-default elementor-section-height-default\" data-id=\"262d9df\" data-element_type=\"section\" data-settings=\"{&quot;background_background&quot;:&quot;classic&quot;}\">\n\t\t\t\t\t\t<div class=\"elementor-container elementor-column-gap-no\">\n\t\t\t\t\t<div class=\"elementor-column elementor-col-50 elementor-top-column elementor-element elementor-element-258231d\" data-id=\"258231d\" data-element_type=\"column\">\n\t\t\t<div class=\"elementor-widget-wrap elementor-element-populated\">\n\t\t\t\t\t\t<div class=\"elementor-element elementor-element-ebc1e08 elementor-view-stacked elementor-shape-circle elementor-widget elementor-widget-icon\" data-id=\"ebc1e08\" data-element_type=\"widget\" data-widget_type=\"icon.default\">\n\t\t\t\t<div class=\"elementor-widget-container\">\n\t\t\t\t\t\t\t<div class=\"elementor-icon-wrapper\">\n\t\t\t<div class=\"elementor-icon\">\n\t\t\t<i aria-hidden=\"true\" class=\"far fa-file-alt\"><\/i>\t\t\t<\/div>\n\t\t<\/div>\n\t\t\t\t\t\t<\/div>\n\t\t\t\t<\/div>\n\t\t\t\t<div class=\"elementor-element elementor-element-1401102 elementor-widget elementor-widget-heading\" data-id=\"1401102\" data-element_type=\"widget\" data-widget_type=\"heading.default\">\n\t\t\t\t<div class=\"elementor-widget-container\">\n\t\t\t\t\t<h2 class=\"elementor-heading-title elementor-size-default\">Reclamaci\u00f3n por malas pr\u00e1cticas de las compa\u00f1\u00edas aseguradoras<\/h2>\t\t\t\t<\/div>\n\t\t\t\t<\/div>\n\t\t\t\t<div class=\"elementor-element elementor-element-4f6265e elementor-widget elementor-widget-text-editor\" data-id=\"4f6265e\" data-element_type=\"widget\" data-widget_type=\"text-editor.default\">\n\t\t\t\t<div class=\"elementor-widget-container\">\n\t\t\t\t\t\t\t\t\t<div>\u00a0<\/div><div><p><span style=\"font-size: 1rem;\">Estamos especializados en problemas con las aseguradoras en lo referente a su dejadez o negligencia en sus obligaciones como aseguradora y en sus mala pr\u00e1cticas a la hora de indemnizar o tramitar un siniestro.<\/span><\/p><div>Analizamos tu caso de forma gratuita y si es viable te guiamos en los pasos que debes dar para poder reclamar y qu\u00e9 tr\u00e1mites son necesarios para que acepte la reclamaci\u00f3n de la cobertura que te han denegado.<\/div><div>\u00a0<\/div><div>En algunos casos, el informe pericial no es necesario pero si lo fuera, nuestros informes analizan aspectos tales como:<\/div><div>&#8211; Estudio de las condiciones generales y particulares y cl\u00e1usulas poco claras o abusivas<\/div><div>&#8211; Asumir el pago de la indemnizaci\u00f3n conforme a lo que realmente corresponda.<\/div><div>&#8211; Hacerse cargo de los costes jur\u00eddicos<\/div><div>&#8211; B\u00fasqueda de responsabilidades \u00ab<\/div><\/div><div>\u00a0<\/div><div>\u00a0<\/div>\t\t\t\t\t\t\t\t<\/div>\n\t\t\t\t<\/div>\n\t\t\t\t<section class=\"elementor-section elementor-inner-section elementor-element elementor-element-592de27 elementor-section-boxed elementor-section-height-default elementor-section-height-default\" data-id=\"592de27\" data-element_type=\"section\">\n\t\t\t\t\t\t<div class=\"elementor-container elementor-column-gap-default\">\n\t\t\t\t\t<div class=\"elementor-column elementor-col-50 elementor-inner-column elementor-element elementor-element-d9d0d73\" data-id=\"d9d0d73\" data-element_type=\"column\">\n\t\t\t<div class=\"elementor-widget-wrap elementor-element-populated\">\n\t\t\t\t\t\t<div class=\"elementor-element elementor-element-2bd8159 elementor-view-default elementor-widget elementor-widget-icon\" data-id=\"2bd8159\" data-element_type=\"widget\" data-widget_type=\"icon.default\">\n\t\t\t\t<div class=\"elementor-widget-container\">\n\t\t\t\t\t\t\t<div class=\"elementor-icon-wrapper\">\n\t\t\t<div class=\"elementor-icon\">\n\t\t\t<i aria-hidden=\"true\" class=\"far fa-bookmark\"><\/i>\t\t\t<\/div>\n\t\t<\/div>\n\t\t\t\t\t\t<\/div>\n\t\t\t\t<\/div>\n\t\t\t\t\t<\/div>\n\t\t<\/div>\n\t\t\t\t<div class=\"elementor-column elementor-col-50 elementor-inner-column elementor-element elementor-element-29b8a9e\" data-id=\"29b8a9e\" data-element_type=\"column\">\n\t\t\t<div class=\"elementor-widget-wrap elementor-element-populated\">\n\t\t\t\t\t\t<div class=\"elementor-element elementor-element-1eb312e elementor-widget elementor-widget-heading\" data-id=\"1eb312e\" data-element_type=\"widget\" data-widget_type=\"heading.default\">\n\t\t\t\t<div class=\"elementor-widget-container\">\n\t\t\t\t\t<h2 class=\"elementor-heading-title elementor-size-default\">Trabajos<\/h2>\t\t\t\t<\/div>\n\t\t\t\t<\/div>\n\t\t\t\t\t<\/div>\n\t\t<\/div>\n\t\t\t\t\t<\/div>\n\t\t<\/section>\n\t\t\t\t<div class=\"elementor-element elementor-element-7a2d1e6 elementor-widget-divider--view-line elementor-widget elementor-widget-divider\" data-id=\"7a2d1e6\" data-element_type=\"widget\" data-widget_type=\"divider.default\">\n\t\t\t\t<div class=\"elementor-widget-container\">\n\t\t\t\t\t\t\t<div class=\"elementor-divider\">\n\t\t\t<span class=\"elementor-divider-separator\">\n\t\t\t\t\t\t<\/span>\n\t\t<\/div>\n\t\t\t\t\t\t<\/div>\n\t\t\t\t<\/div>\n\t\t\t\t<div class=\"elementor-element elementor-element-ea326d2 elementor-tablet-align-left elementor-align-center elementor-icon-list--layout-traditional elementor-list-item-link-full_width elementor-widget elementor-widget-icon-list\" data-id=\"ea326d2\" data-element_type=\"widget\" data-widget_type=\"icon-list.default\">\n\t\t\t\t<div class=\"elementor-widget-container\">\n\t\t\t\t\t\t\t<ul class=\"elementor-icon-list-items\">\n\t\t\t\t\t\t\t<li class=\"elementor-icon-list-item\">\n\t\t\t\t\t\t\t\t\t\t\t<span class=\"elementor-icon-list-icon\">\n\t\t\t\t\t\t\t<i aria-hidden=\"true\" class=\"far fa-arrow-alt-circle-right\"><\/i>\t\t\t\t\t\t<\/span>\n\t\t\t\t\t\t\t\t\t\t<span class=\"elementor-icon-list-text\">SI TIENES CUALQUIER CONSULTA<\/span>\n\t\t\t\t\t\t\t\t\t<\/li>\n\t\t\t\t\t\t<\/ul>\n\t\t\t\t\t\t<\/div>\n\t\t\t\t<\/div>\n\t\t\t\t<div class=\"elementor-element elementor-element-36496b7d elementor-align-center elementor-widget elementor-widget-button\" data-id=\"36496b7d\" data-element_type=\"widget\" data-widget_type=\"button.default\">\n\t\t\t\t<div class=\"elementor-widget-container\">\n\t\t\t\t\t\t\t\t\t<div class=\"elementor-button-wrapper\">\n\t\t\t\t\t<a class=\"elementor-button elementor-button-link elementor-size-md\" href=\"http:\/\/peritosjudiciales2020.com\/index.php\/formulario-de-contacto\/\" id=\"BotonXContacto\">\n\t\t\t\t\t\t<span class=\"elementor-button-content-wrapper\">\n\t\t\t\t\t\t\t\t\t<span class=\"elementor-button-text\">Haz clic aqu\u00ed<\/span>\n\t\t\t\t\t<\/span>\n\t\t\t\t\t<\/a>\n\t\t\t\t<\/div>\n\t\t\t\t\t\t\t\t<\/div>\n\t\t\t\t<\/div>\n\t\t\t\t\t<\/div>\n\t\t<\/div>\n\t\t\t\t<div class=\"elementor-column elementor-col-50 elementor-top-column elementor-element elementor-element-ca44c59\" data-id=\"ca44c59\" data-element_type=\"column\" data-settings=\"{&quot;background_background&quot;:&quot;classic&quot;}\">\n\t\t\t<div class=\"elementor-widget-wrap elementor-element-populated\">\n\t\t\t\t\t\t<div class=\"elementor-element elementor-element-7e01216 elementor-widget__width-auto elementor-absolute elementor-widget elementor-widget-image\" data-id=\"7e01216\" data-element_type=\"widget\" data-settings=\"{&quot;_position&quot;:&quot;absolute&quot;}\" data-widget_type=\"image.default\">\n\t\t\t\t<div class=\"elementor-widget-container\">\n\t\t\t\t\t\t\t\t\t\t\t\t\t\t\t<img fetchpriority=\"high\" decoding=\"async\" width=\"1080\" height=\"1080\" src=\"https:\/\/peritosjudiciales2020.com\/wp-content\/uploads\/2023\/08\/reclamaciones.png\" class=\"attachment-full size-full wp-image-2904\" alt=\"\" srcset=\"https:\/\/peritosjudiciales2020.com\/wp-content\/uploads\/2023\/08\/reclamaciones.png 1080w, https:\/\/peritosjudiciales2020.com\/wp-content\/uploads\/2023\/08\/reclamaciones-300x300.png 300w, https:\/\/peritosjudiciales2020.com\/wp-content\/uploads\/2023\/08\/reclamaciones-1024x1024.png 1024w, https:\/\/peritosjudiciales2020.com\/wp-content\/uploads\/2023\/08\/reclamaciones-150x150.png 150w, https:\/\/peritosjudiciales2020.com\/wp-content\/uploads\/2023\/08\/reclamaciones-768x768.png 768w, https:\/\/peritosjudiciales2020.com\/wp-content\/uploads\/2023\/08\/reclamaciones-100x100.png 100w\" sizes=\"100vw\" \/>\t\t\t\t\t\t\t\t\t\t\t\t\t\t\t<\/div>\n\t\t\t\t<\/div>\n\t\t\t\t\t<\/div>\n\t\t<\/div>\n\t\t\t\t\t<\/div>\n\t\t<\/section>\n\t\t\t\t<\/div>\n\t\t","protected":false},"excerpt":{"rendered":"<p>Reclamaci\u00f3n por malas pr\u00e1cticas de las compa\u00f1\u00edas aseguradoras \u00a0 Estamos especializados en problemas con las aseguradoras en lo referente a su dejadez o negligencia en sus obligaciones como aseguradora y en sus mala pr\u00e1cticas a la hora de indemnizar o tramitar un siniestro. Analizamos tu caso de forma gratuita y si es viable te guiamos &hellip; <\/p>\n<p class=\"link-more\"><a href=\"https:\/\/peritosjudiciales2020.com\/index.php\/services\/reclamaciones\/\" class=\"more-link\">Continuar leyendo<span class=\"screen-reader-text\"> \u00abReclamaciones\u00bb<\/span><\/a><\/p>\n","protected":false},"author":1,"featured_media":0,"parent":21,"menu_order":1,"comment_status":"closed","ping_status":"closed","template":"elementor_canvas","meta":{"_eb_attr":"","om_disable_all_campaigns":false,"_monsterinsights_skip_tracking":false,"_monsterinsights_sitenote_active":false,"_monsterinsights_sitenote_note":"","_monsterinsights_sitenote_category":0,"footnotes":""},"class_list":["post-2902","page","type-page","status-publish","hentry"],"yoast_head":"<!-- This site is optimized with the Yoast SEO plugin v25.9 - https:\/\/yoast.com\/wordpress\/plugins\/seo\/ -->\n<title>Reclamaciones - PERITOS JUDICIALES 2020<\/title>\n<meta name=\"robots\" content=\"index, follow, max-snippet:-1, max-image-preview:large, max-video-preview:-1\" \/>\n<link rel=\"canonical\" href=\"https:\/\/peritosjudiciales2020.com\/index.php\/services\/reclamaciones\/\" \/>\n<meta property=\"og:locale\" content=\"es_ES\" \/>\n<meta property=\"og:type\" content=\"article\" \/>\n<meta property=\"og:title\" content=\"Reclamaciones - PERITOS JUDICIALES 2020\" \/>\n<meta property=\"og:description\" content=\"Reclamaci\u00f3n por malas pr\u00e1cticas de las compa\u00f1\u00edas aseguradoras \u00a0 Estamos especializados en problemas con las aseguradoras en lo referente a su dejadez o negligencia en sus obligaciones como aseguradora y en sus mala pr\u00e1cticas a la hora de indemnizar o tramitar un siniestro. Analizamos tu caso de forma gratuita y si es viable te guiamos &hellip; Continuar leyendo &quot;Reclamaciones&quot;\" \/>\n<meta property=\"og:url\" content=\"https:\/\/peritosjudiciales2020.com\/index.php\/services\/reclamaciones\/\" \/>\n<meta property=\"og:site_name\" content=\"PERITOS JUDICIALES 2020\" \/>\n<meta property=\"article:modified_time\" content=\"2023-08-24T14:10:44+00:00\" \/>\n<meta property=\"og:image\" content=\"https:\/\/peritosjudiciales2020.com\/wp-content\/uploads\/2023\/08\/reclamaciones.png\" \/>\n<meta name=\"twitter:card\" content=\"summary_large_image\" \/>\n<meta name=\"twitter:label1\" content=\"Tiempo de lectura\" \/>\n\t<meta name=\"twitter:data1\" content=\"1 minuto\" \/>\n<script type=\"application\/ld+json\" class=\"yoast-schema-graph\">{\"@context\":\"https:\/\/schema.org\",\"@graph\":[{\"@type\":\"WebPage\",\"@id\":\"https:\/\/peritosjudiciales2020.com\/index.php\/services\/reclamaciones\/\",\"url\":\"https:\/\/peritosjudiciales2020.com\/index.php\/services\/reclamaciones\/\",\"name\":\"Reclamaciones - PERITOS JUDICIALES 2020\",\"isPartOf\":{\"@id\":\"https:\/\/peritosjudiciales2020.com\/#website\"},\"primaryImageOfPage\":{\"@id\":\"https:\/\/peritosjudiciales2020.com\/index.php\/services\/reclamaciones\/#primaryimage\"},\"image\":{\"@id\":\"https:\/\/peritosjudiciales2020.com\/index.php\/services\/reclamaciones\/#primaryimage\"},\"thumbnailUrl\":\"https:\/\/peritosjudiciales2020.com\/wp-content\/uploads\/2023\/08\/reclamaciones.png\",\"datePublished\":\"2023-08-24T14:03:59+00:00\",\"dateModified\":\"2023-08-24T14:10:44+00:00\",\"breadcrumb\":{\"@id\":\"https:\/\/peritosjudiciales2020.com\/index.php\/services\/reclamaciones\/#breadcrumb\"},\"inLanguage\":\"es\",\"potentialAction\":[{\"@type\":\"ReadAction\",\"target\":[\"https:\/\/peritosjudiciales2020.com\/index.php\/services\/reclamaciones\/\"]}]},{\"@type\":\"ImageObject\",\"inLanguage\":\"es\",\"@id\":\"https:\/\/peritosjudiciales2020.com\/index.php\/services\/reclamaciones\/#primaryimage\",\"url\":\"https:\/\/peritosjudiciales2020.com\/wp-content\/uploads\/2023\/08\/reclamaciones.png\",\"contentUrl\":\"https:\/\/peritosjudiciales2020.com\/wp-content\/uploads\/2023\/08\/reclamaciones.png\",\"width\":1080,\"height\":1080},{\"@type\":\"BreadcrumbList\",\"@id\":\"https:\/\/peritosjudiciales2020.com\/index.php\/services\/reclamaciones\/#breadcrumb\",\"itemListElement\":[{\"@type\":\"ListItem\",\"position\":1,\"name\":\"navigation\",\"item\":\"https:\/\/peritosjudiciales2020.com\/\"},{\"@type\":\"ListItem\",\"position\":2,\"name\":\"Servicios\",\"item\":\"https:\/\/peritosjudiciales2020.com\/index.php\/services\/\"},{\"@type\":\"ListItem\",\"position\":3,\"name\":\"Reclamaciones\"}]},{\"@type\":\"WebSite\",\"@id\":\"https:\/\/peritosjudiciales2020.com\/#website\",\"url\":\"https:\/\/peritosjudiciales2020.com\/\",\"name\":\"PERITOS JUDICIALES 2020\",\"description\":\"Gabinete especializado en Peritaci\u00f3n Judicial\",\"publisher\":{\"@id\":\"https:\/\/peritosjudiciales2020.com\/#organization\"},\"potentialAction\":[{\"@type\":\"SearchAction\",\"target\":{\"@type\":\"EntryPoint\",\"urlTemplate\":\"https:\/\/peritosjudiciales2020.com\/?s={search_term_string}\"},\"query-input\":{\"@type\":\"PropertyValueSpecification\",\"valueRequired\":true,\"valueName\":\"search_term_string\"}}],\"inLanguage\":\"es\"},{\"@type\":\"Organization\",\"@id\":\"https:\/\/peritosjudiciales2020.com\/#organization\",\"name\":\"PERITOS JUDICIALES 2020\",\"url\":\"https:\/\/peritosjudiciales2020.com\/\",\"logo\":{\"@type\":\"ImageObject\",\"inLanguage\":\"es\",\"@id\":\"https:\/\/peritosjudiciales2020.com\/#\/schema\/logo\/image\/\",\"url\":\"https:\/\/peritosjudiciales2020.com\/wp-content\/uploads\/2023\/08\/cropped-Peritos-Judiciales.png\",\"contentUrl\":\"https:\/\/peritosjudiciales2020.com\/wp-content\/uploads\/2023\/08\/cropped-Peritos-Judiciales.png\",\"width\":250,\"height\":250,\"caption\":\"PERITOS JUDICIALES 2020\"},\"image\":{\"@id\":\"https:\/\/peritosjudiciales2020.com\/#\/schema\/logo\/image\/\"}}]}<\/script>\n<!-- \/ Yoast SEO plugin. -->","yoast_head_json":{"title":"Reclamaciones - PERITOS JUDICIALES 2020","robots":{"index":"index","follow":"follow","max-snippet":"max-snippet:-1","max-image-preview":"max-image-preview:large","max-video-preview":"max-video-preview:-1"},"canonical":"https:\/\/peritosjudiciales2020.com\/index.php\/services\/reclamaciones\/","og_locale":"es_ES","og_type":"article","og_title":"Reclamaciones - PERITOS JUDICIALES 2020","og_description":"Reclamaci\u00f3n por malas pr\u00e1cticas de las compa\u00f1\u00edas aseguradoras \u00a0 Estamos especializados en problemas con las aseguradoras en lo referente a su dejadez o negligencia en sus obligaciones como aseguradora y en sus mala pr\u00e1cticas a la hora de indemnizar o tramitar un siniestro. Analizamos tu caso de forma gratuita y si es viable te guiamos &hellip; Continuar leyendo \"Reclamaciones\"","og_url":"https:\/\/peritosjudiciales2020.com\/index.php\/services\/reclamaciones\/","og_site_name":"PERITOS JUDICIALES 2020","article_modified_time":"2023-08-24T14:10:44+00:00","og_image":[{"url":"https:\/\/peritosjudiciales2020.com\/wp-content\/uploads\/2023\/08\/reclamaciones.png","type":"","width":"","height":""}],"twitter_card":"summary_large_image","twitter_misc":{"Tiempo de lectura":"1 minuto"},"schema":{"@context":"https:\/\/schema.org","@graph":[{"@type":"WebPage","@id":"https:\/\/peritosjudiciales2020.com\/index.php\/services\/reclamaciones\/","url":"https:\/\/peritosjudiciales2020.com\/index.php\/services\/reclamaciones\/","name":"Reclamaciones - PERITOS JUDICIALES 2020","isPartOf":{"@id":"https:\/\/peritosjudiciales2020.com\/#website"},"primaryImageOfPage":{"@id":"https:\/\/peritosjudiciales2020.com\/index.php\/services\/reclamaciones\/#primaryimage"},"image":{"@id":"https:\/\/peritosjudiciales2020.com\/index.php\/services\/reclamaciones\/#primaryimage"},"thumbnailUrl":"https:\/\/peritosjudiciales2020.com\/wp-content\/uploads\/2023\/08\/reclamaciones.png","datePublished":"2023-08-24T14:03:59+00:00","dateModified":"2023-08-24T14:10:44+00:00","breadcrumb":{"@id":"https:\/\/peritosjudiciales2020.com\/index.php\/services\/reclamaciones\/#breadcrumb"},"inLanguage":"es","potentialAction":[{"@type":"ReadAction","target":["https:\/\/peritosjudiciales2020.com\/index.php\/services\/reclamaciones\/"]}]},{"@type":"ImageObject","inLanguage":"es","@id":"https:\/\/peritosjudiciales2020.com\/index.php\/services\/reclamaciones\/#primaryimage","url":"https:\/\/peritosjudiciales2020.com\/wp-content\/uploads\/2023\/08\/reclamaciones.png","contentUrl":"https:\/\/peritosjudiciales2020.com\/wp-content\/uploads\/2023\/08\/reclamaciones.png","width":1080,"height":1080},{"@type":"BreadcrumbList","@id":"https:\/\/peritosjudiciales2020.com\/index.php\/services\/reclamaciones\/#breadcrumb","itemListElement":[{"@type":"ListItem","position":1,"name":"navigation","item":"https:\/\/peritosjudiciales2020.com\/"},{"@type":"ListItem","position":2,"name":"Servicios","item":"https:\/\/peritosjudiciales2020.com\/index.php\/services\/"},{"@type":"ListItem","position":3,"name":"Reclamaciones"}]},{"@type":"WebSite","@id":"https:\/\/peritosjudiciales2020.com\/#website","url":"https:\/\/peritosjudiciales2020.com\/","name":"PERITOS JUDICIALES 2020","description":"Gabinete especializado en Peritaci\u00f3n Judicial","publisher":{"@id":"https:\/\/peritosjudiciales2020.com\/#organization"},"potentialAction":[{"@type":"SearchAction","target":{"@type":"EntryPoint","urlTemplate":"https:\/\/peritosjudiciales2020.com\/?s={search_term_string}"},"query-input":{"@type":"PropertyValueSpecification","valueRequired":true,"valueName":"search_term_string"}}],"inLanguage":"es"},{"@type":"Organization","@id":"https:\/\/peritosjudiciales2020.com\/#organization","name":"PERITOS JUDICIALES 2020","url":"https:\/\/peritosjudiciales2020.com\/","logo":{"@type":"ImageObject","inLanguage":"es","@id":"https:\/\/peritosjudiciales2020.com\/#\/schema\/logo\/image\/","url":"https:\/\/peritosjudiciales2020.com\/wp-content\/uploads\/2023\/08\/cropped-Peritos-Judiciales.png","contentUrl":"https:\/\/peritosjudiciales2020.com\/wp-content\/uploads\/2023\/08\/cropped-Peritos-Judiciales.png","width":250,"height":250,"caption":"PERITOS JUDICIALES 2020"},"image":{"@id":"https:\/\/peritosjudiciales2020.com\/#\/schema\/logo\/image\/"}}]}},"_links":{"self":[{"href":"https:\/\/peritosjudiciales2020.com\/index.php\/wp-json\/wp\/v2\/pages\/2902","targetHints":{"allow":["GET"]}}],"collection":[{"href":"https:\/\/peritosjudiciales2020.com\/index.php\/wp-json\/wp\/v2\/pages"}],"about":[{"href":"https:\/\/peritosjudiciales2020.com\/index.php\/wp-json\/wp\/v2\/types\/page"}],"author":[{"embeddable":true,"href":"https:\/\/peritosjudiciales2020.com\/index.php\/wp-json\/wp\/v2\/users\/1"}],"replies":[{"embeddable":true,"href":"https:\/\/peritosjudiciales2020.com\/index.php\/wp-json\/wp\/v2\/comments?post=2902"}],"version-history":[{"count":7,"href":"https:\/\/peritosjudiciales2020.com\/index.php\/wp-json\/wp\/v2\/pages\/2902\/revisions"}],"predecessor-version":[{"id":2911,"href":"https:\/\/peritosjudiciales2020.com\/index.php\/wp-json\/wp\/v2\/pages\/2902\/revisions\/2911"}],"up":[{"embeddable":true,"href":"https:\/\/peritosjudiciales2020.com\/index.php\/wp-json\/wp\/v2\/pages\/21"}],"wp:attachment":[{"href":"https:\/\/peritosjudiciales2020.com\/index.php\/wp-json\/wp\/v2\/media?parent=2902"}],"curies":[{"name":"wp","href":"https:\/\/api.w.org\/{rel}","templated":true}]}}