{"id":1552,"date":"2020-09-03T07:34:55","date_gmt":"2020-09-03T07:34:55","guid":{"rendered":"http:\/\/peritosjudiciales2020.com\/?page_id=1552"},"modified":"2022-08-25T13:29:29","modified_gmt":"2022-08-25T13:29:29","slug":"investigacion-de-averias-vicios-ocultos-y-reconstruccion-de-accidentes","status":"publish","type":"page","link":"https:\/\/peritosjudiciales2020.com\/index.php\/services\/investigacion-de-averias-vicios-ocultos-y-reconstruccion-de-accidentes\/","title":{"rendered":"Investigaci\u00f3n de Aver\u00edas, Vicios ocultos y Reconstrucci\u00f3n de accidentes"},"content":{"rendered":"\t\t<div data-elementor-type=\"wp-page\" data-elementor-id=\"1552\" class=\"elementor elementor-1552\">\n\t\t\t\t\t\t<section class=\"elementor-section elementor-top-section elementor-element elementor-element-262d9df elementor-section-content-middle elementor-section-boxed elementor-section-height-default elementor-section-height-default\" data-id=\"262d9df\" data-element_type=\"section\" data-settings=\"{&quot;background_background&quot;:&quot;classic&quot;}\">\n\t\t\t\t\t\t<div class=\"elementor-container elementor-column-gap-no\">\n\t\t\t\t\t<div class=\"elementor-column elementor-col-50 elementor-top-column elementor-element elementor-element-258231d\" data-id=\"258231d\" data-element_type=\"column\">\n\t\t\t<div class=\"elementor-widget-wrap elementor-element-populated\">\n\t\t\t\t\t\t<div class=\"elementor-element elementor-element-ebc1e08 elementor-view-stacked elementor-shape-circle elementor-widget elementor-widget-icon\" data-id=\"ebc1e08\" data-element_type=\"widget\" data-widget_type=\"icon.default\">\n\t\t\t\t<div class=\"elementor-widget-container\">\n\t\t\t\t\t\t\t<div class=\"elementor-icon-wrapper\">\n\t\t\t<div class=\"elementor-icon\">\n\t\t\t<i aria-hidden=\"true\" class=\"fas fa-car-crash\"><\/i>\t\t\t<\/div>\n\t\t<\/div>\n\t\t\t\t\t\t<\/div>\n\t\t\t\t<\/div>\n\t\t\t\t<div class=\"elementor-element elementor-element-1401102 elementor-widget elementor-widget-heading\" data-id=\"1401102\" data-element_type=\"widget\" data-widget_type=\"heading.default\">\n\t\t\t\t<div class=\"elementor-widget-container\">\n\t\t\t\t\t<h2 class=\"elementor-heading-title elementor-size-default\">Investigaci\u00f3n de Aver\u00edas, Vicios ocultos y Reconstrucci\u00f3n de Accidentes<\/h2>\t\t\t\t<\/div>\n\t\t\t\t<\/div>\n\t\t\t\t<div class=\"elementor-element elementor-element-4f6265e elementor-widget elementor-widget-text-editor\" data-id=\"4f6265e\" data-element_type=\"widget\" data-widget_type=\"text-editor.default\">\n\t\t\t\t<div class=\"elementor-widget-container\">\n\t\t\t\t\t\t\t\t\t<div>\n<p>Peritamos todo tipo de defectos en un veh\u00edculo, determinando la causa de la aver\u00eda y la indemnizaci\u00f3n correspondiente.<\/p>\n<\/div>\n<div>Este tipo de informe&nbsp;pericial puede esclarecer la causa de una aver\u00eda en el veh\u00edculo,ya sea por una mala reparaci\u00f3n realizada o simplemente por desgaste de una pieza o mal uso de la misma, por un mal mantenimiento, etc.<\/div>\n<div>Los abogados requieren los&nbsp; servicios de un perito experto cuando tienen que reclamar los da\u00f1os a talleres, concesionarios o compa\u00f1\u00edas de seguros.<\/div>\n<div>&nbsp;<\/div>\n<div>&nbsp;<\/div>\t\t\t\t\t\t\t\t<\/div>\n\t\t\t\t<\/div>\n\t\t\t\t<section class=\"elementor-section elementor-inner-section elementor-element elementor-element-592de27 elementor-section-boxed elementor-section-height-default elementor-section-height-default\" data-id=\"592de27\" data-element_type=\"section\">\n\t\t\t\t\t\t<div class=\"elementor-container elementor-column-gap-default\">\n\t\t\t\t\t<div class=\"elementor-column elementor-col-50 elementor-inner-column elementor-element elementor-element-d9d0d73\" data-id=\"d9d0d73\" data-element_type=\"column\">\n\t\t\t<div class=\"elementor-widget-wrap elementor-element-populated\">\n\t\t\t\t\t\t<div class=\"elementor-element elementor-element-2bd8159 elementor-view-default elementor-widget elementor-widget-icon\" data-id=\"2bd8159\" data-element_type=\"widget\" data-widget_type=\"icon.default\">\n\t\t\t\t<div class=\"elementor-widget-container\">\n\t\t\t\t\t\t\t<div class=\"elementor-icon-wrapper\">\n\t\t\t<div class=\"elementor-icon\">\n\t\t\t<i aria-hidden=\"true\" class=\"far fa-bookmark\"><\/i>\t\t\t<\/div>\n\t\t<\/div>\n\t\t\t\t\t\t<\/div>\n\t\t\t\t<\/div>\n\t\t\t\t\t<\/div>\n\t\t<\/div>\n\t\t\t\t<div class=\"elementor-column elementor-col-50 elementor-inner-column elementor-element elementor-element-29b8a9e\" data-id=\"29b8a9e\" data-element_type=\"column\">\n\t\t\t<div class=\"elementor-widget-wrap elementor-element-populated\">\n\t\t\t\t\t\t<div class=\"elementor-element elementor-element-1eb312e elementor-widget elementor-widget-heading\" data-id=\"1eb312e\" data-element_type=\"widget\" data-widget_type=\"heading.default\">\n\t\t\t\t<div class=\"elementor-widget-container\">\n\t\t\t\t\t<h2 class=\"elementor-heading-title elementor-size-default\">Trabajos<\/h2>\t\t\t\t<\/div>\n\t\t\t\t<\/div>\n\t\t\t\t\t<\/div>\n\t\t<\/div>\n\t\t\t\t\t<\/div>\n\t\t<\/section>\n\t\t\t\t<div class=\"elementor-element elementor-element-7bf9c78 elementor-widget elementor-widget-text-editor\" data-id=\"7bf9c78\" data-element_type=\"widget\" data-widget_type=\"text-editor.default\">\n\t\t\t\t<div class=\"elementor-widget-container\">\n\t\t\t\t\t\t\t\t\t<div>\n<p><em style=\"color: var( --e-global-color-text ); font-weight: var( --e-global-typography-text-font-weight );\"><strong>Nuestro \u00faltimo cliente<\/strong><\/em><span style=\"color: var( --e-global-color-text ); font-weight: var( --e-global-typography-text-font-weight );\"> fue un taller de Vigo al que reclamaban la aver\u00eda de un motor de un 4X4. La investigaci\u00f3n llev\u00f3 a la conclusi\u00f3n de que ese veh\u00edculo ya presentaba una serie de anomal\u00edas&nbsp;que nada ten\u00edan que ver con la reparaci\u00f3n realizada en el&nbsp; taller.<\/span><br><\/p><\/div>\n<div>&nbsp;<\/div>\t\t\t\t\t\t\t\t<\/div>\n\t\t\t\t<\/div>\n\t\t\t\t<div class=\"elementor-element elementor-element-7a2d1e6 elementor-widget-divider--view-line elementor-widget elementor-widget-divider\" data-id=\"7a2d1e6\" data-element_type=\"widget\" data-widget_type=\"divider.default\">\n\t\t\t\t<div class=\"elementor-widget-container\">\n\t\t\t\t\t\t\t<div class=\"elementor-divider\">\n\t\t\t<span class=\"elementor-divider-separator\">\n\t\t\t\t\t\t<\/span>\n\t\t<\/div>\n\t\t\t\t\t\t<\/div>\n\t\t\t\t<\/div>\n\t\t\t\t<div class=\"elementor-element elementor-element-ea326d2 elementor-tablet-align-left elementor-align-center elementor-icon-list--layout-traditional elementor-list-item-link-full_width elementor-widget elementor-widget-icon-list\" data-id=\"ea326d2\" data-element_type=\"widget\" data-widget_type=\"icon-list.default\">\n\t\t\t\t<div class=\"elementor-widget-container\">\n\t\t\t\t\t\t\t<ul class=\"elementor-icon-list-items\">\n\t\t\t\t\t\t\t<li class=\"elementor-icon-list-item\">\n\t\t\t\t\t\t\t\t\t\t\t<span class=\"elementor-icon-list-icon\">\n\t\t\t\t\t\t\t<i aria-hidden=\"true\" class=\"far fa-arrow-alt-circle-right\"><\/i>\t\t\t\t\t\t<\/span>\n\t\t\t\t\t\t\t\t\t\t<span class=\"elementor-icon-list-text\">SI TIENES CUALQUIER CONSULTA<\/span>\n\t\t\t\t\t\t\t\t\t<\/li>\n\t\t\t\t\t\t<\/ul>\n\t\t\t\t\t\t<\/div>\n\t\t\t\t<\/div>\n\t\t\t\t<div class=\"elementor-element elementor-element-36496b7d elementor-align-center elementor-widget elementor-widget-button\" data-id=\"36496b7d\" data-element_type=\"widget\" data-widget_type=\"button.default\">\n\t\t\t\t<div class=\"elementor-widget-container\">\n\t\t\t\t\t\t\t\t\t<div class=\"elementor-button-wrapper\">\n\t\t\t\t\t<a class=\"elementor-button elementor-button-link elementor-size-md\" href=\"http:\/\/peritosjudiciales2020.com\/index.php\/formulario-de-contacto\/\" id=\"BotonXContacto\">\n\t\t\t\t\t\t<span class=\"elementor-button-content-wrapper\">\n\t\t\t\t\t\t\t\t\t<span class=\"elementor-button-text\">Haz clic aqu\u00ed<\/span>\n\t\t\t\t\t<\/span>\n\t\t\t\t\t<\/a>\n\t\t\t\t<\/div>\n\t\t\t\t\t\t\t\t<\/div>\n\t\t\t\t<\/div>\n\t\t\t\t\t<\/div>\n\t\t<\/div>\n\t\t\t\t<div class=\"elementor-column elementor-col-50 elementor-top-column elementor-element elementor-element-ca44c59\" data-id=\"ca44c59\" data-element_type=\"column\" data-settings=\"{&quot;background_background&quot;:&quot;classic&quot;}\">\n\t\t\t<div class=\"elementor-widget-wrap elementor-element-populated\">\n\t\t\t\t\t\t<div class=\"elementor-element elementor-element-7e01216 elementor-widget__width-auto elementor-absolute elementor-widget elementor-widget-image\" data-id=\"7e01216\" data-element_type=\"widget\" data-settings=\"{&quot;_position&quot;:&quot;absolute&quot;}\" data-widget_type=\"image.default\">\n\t\t\t\t<div class=\"elementor-widget-container\">\n\t\t\t\t\t\t\t\t\t\t\t\t\t\t\t<img fetchpriority=\"high\" decoding=\"async\" width=\"1920\" height=\"1280\" src=\"https:\/\/peritosjudiciales2020.com\/wp-content\/uploads\/2020\/07\/car-repair-362150_1920.jpg\" class=\"attachment-full size-full wp-image-1237\" alt=\"\" srcset=\"https:\/\/peritosjudiciales2020.com\/wp-content\/uploads\/2020\/07\/car-repair-362150_1920.jpg 1920w, https:\/\/peritosjudiciales2020.com\/wp-content\/uploads\/2020\/07\/car-repair-362150_1920-300x200.jpg 300w, https:\/\/peritosjudiciales2020.com\/wp-content\/uploads\/2020\/07\/car-repair-362150_1920-1024x683.jpg 1024w, https:\/\/peritosjudiciales2020.com\/wp-content\/uploads\/2020\/07\/car-repair-362150_1920-768x512.jpg 768w, https:\/\/peritosjudiciales2020.com\/wp-content\/uploads\/2020\/07\/car-repair-362150_1920-1536x1024.jpg 1536w\" sizes=\"100vw\" \/>\t\t\t\t\t\t\t\t\t\t\t\t\t\t\t<\/div>\n\t\t\t\t<\/div>\n\t\t\t\t\t<\/div>\n\t\t<\/div>\n\t\t\t\t\t<\/div>\n\t\t<\/section>\n\t\t\t\t<\/div>\n\t\t","protected":false},"excerpt":{"rendered":"<p>Investigaci\u00f3n de Aver\u00edas, Vicios ocultos y Reconstrucci\u00f3n de Accidentes Peritamos todo tipo de defectos en un veh\u00edculo, determinando la causa de la aver\u00eda y la indemnizaci\u00f3n correspondiente. Este tipo de informe&nbsp;pericial puede esclarecer la causa de una aver\u00eda en el veh\u00edculo,ya sea por una mala reparaci\u00f3n realizada o simplemente por desgaste de una pieza o &hellip; <\/p>\n<p class=\"link-more\"><a href=\"https:\/\/peritosjudiciales2020.com\/index.php\/services\/investigacion-de-averias-vicios-ocultos-y-reconstruccion-de-accidentes\/\" class=\"more-link\">Continuar leyendo<span class=\"screen-reader-text\"> \u00abInvestigaci\u00f3n de Aver\u00edas, Vicios ocultos y Reconstrucci\u00f3n de accidentes\u00bb<\/span><\/a><\/p>\n","protected":false},"author":1,"featured_media":0,"parent":21,"menu_order":1,"comment_status":"closed","ping_status":"closed","template":"elementor_canvas","meta":{"_eb_attr":"","om_disable_all_campaigns":false,"_monsterinsights_skip_tracking":false,"_monsterinsights_sitenote_active":false,"_monsterinsights_sitenote_note":"","_monsterinsights_sitenote_category":0,"footnotes":""},"class_list":["post-1552","page","type-page","status-publish","hentry"],"yoast_head":"<!-- This site is optimized with the Yoast SEO plugin v25.9 - https:\/\/yoast.com\/wordpress\/plugins\/seo\/ -->\n<title>Investigaci\u00f3n de Aver\u00edas, Vicios ocultos y Reconstrucci\u00f3n de accidentes - PERITOS JUDICIALES 2020<\/title>\n<meta name=\"robots\" content=\"index, follow, max-snippet:-1, max-image-preview:large, max-video-preview:-1\" \/>\n<link rel=\"canonical\" href=\"https:\/\/peritosjudiciales2020.com\/index.php\/services\/investigacion-de-averias-vicios-ocultos-y-reconstruccion-de-accidentes\/\" \/>\n<meta property=\"og:locale\" content=\"es_ES\" \/>\n<meta property=\"og:type\" content=\"article\" \/>\n<meta property=\"og:title\" content=\"Investigaci\u00f3n de Aver\u00edas, Vicios ocultos y Reconstrucci\u00f3n de accidentes - PERITOS JUDICIALES 2020\" \/>\n<meta property=\"og:description\" content=\"Investigaci\u00f3n de Aver\u00edas, Vicios ocultos y Reconstrucci\u00f3n de Accidentes Peritamos todo tipo de defectos en un veh\u00edculo, determinando la causa de la aver\u00eda y la indemnizaci\u00f3n correspondiente. Este tipo de informe&nbsp;pericial puede esclarecer la causa de una aver\u00eda en el veh\u00edculo,ya sea por una mala reparaci\u00f3n realizada o simplemente por desgaste de una pieza o &hellip; Continuar leyendo &quot;Investigaci\u00f3n de Aver\u00edas, Vicios ocultos y Reconstrucci\u00f3n de accidentes&quot;\" \/>\n<meta property=\"og:url\" content=\"https:\/\/peritosjudiciales2020.com\/index.php\/services\/investigacion-de-averias-vicios-ocultos-y-reconstruccion-de-accidentes\/\" \/>\n<meta property=\"og:site_name\" content=\"PERITOS JUDICIALES 2020\" \/>\n<meta property=\"article:modified_time\" content=\"2022-08-25T13:29:29+00:00\" \/>\n<meta property=\"og:image\" content=\"http:\/\/peritosjudiciales2020.com\/wp-content\/uploads\/2020\/07\/car-repair-362150_1920.jpg\" \/>\n<meta name=\"twitter:card\" content=\"summary_large_image\" \/>\n<meta name=\"twitter:label1\" content=\"Tiempo de lectura\" \/>\n\t<meta name=\"twitter:data1\" content=\"1 minuto\" \/>\n<script type=\"application\/ld+json\" class=\"yoast-schema-graph\">{\"@context\":\"https:\/\/schema.org\",\"@graph\":[{\"@type\":\"WebPage\",\"@id\":\"https:\/\/peritosjudiciales2020.com\/index.php\/services\/investigacion-de-averias-vicios-ocultos-y-reconstruccion-de-accidentes\/\",\"url\":\"https:\/\/peritosjudiciales2020.com\/index.php\/services\/investigacion-de-averias-vicios-ocultos-y-reconstruccion-de-accidentes\/\",\"name\":\"Investigaci\u00f3n de Aver\u00edas, Vicios ocultos y Reconstrucci\u00f3n de accidentes - PERITOS JUDICIALES 2020\",\"isPartOf\":{\"@id\":\"https:\/\/peritosjudiciales2020.com\/#website\"},\"primaryImageOfPage\":{\"@id\":\"https:\/\/peritosjudiciales2020.com\/index.php\/services\/investigacion-de-averias-vicios-ocultos-y-reconstruccion-de-accidentes\/#primaryimage\"},\"image\":{\"@id\":\"https:\/\/peritosjudiciales2020.com\/index.php\/services\/investigacion-de-averias-vicios-ocultos-y-reconstruccion-de-accidentes\/#primaryimage\"},\"thumbnailUrl\":\"https:\/\/peritosjudiciales2020.com\/wp-content\/uploads\/2020\/07\/car-repair-362150_1920.jpg\",\"datePublished\":\"2020-09-03T07:34:55+00:00\",\"dateModified\":\"2022-08-25T13:29:29+00:00\",\"breadcrumb\":{\"@id\":\"https:\/\/peritosjudiciales2020.com\/index.php\/services\/investigacion-de-averias-vicios-ocultos-y-reconstruccion-de-accidentes\/#breadcrumb\"},\"inLanguage\":\"es\",\"potentialAction\":[{\"@type\":\"ReadAction\",\"target\":[\"https:\/\/peritosjudiciales2020.com\/index.php\/services\/investigacion-de-averias-vicios-ocultos-y-reconstruccion-de-accidentes\/\"]}]},{\"@type\":\"ImageObject\",\"inLanguage\":\"es\",\"@id\":\"https:\/\/peritosjudiciales2020.com\/index.php\/services\/investigacion-de-averias-vicios-ocultos-y-reconstruccion-de-accidentes\/#primaryimage\",\"url\":\"https:\/\/peritosjudiciales2020.com\/wp-content\/uploads\/2020\/07\/car-repair-362150_1920.jpg\",\"contentUrl\":\"https:\/\/peritosjudiciales2020.com\/wp-content\/uploads\/2020\/07\/car-repair-362150_1920.jpg\",\"width\":1920,\"height\":1280,\"caption\":\"Investigaci\u00f3n de Aver\u00edas, Vicios ocultos y Reconstrucci\u00f3n de accidentes\"},{\"@type\":\"BreadcrumbList\",\"@id\":\"https:\/\/peritosjudiciales2020.com\/index.php\/services\/investigacion-de-averias-vicios-ocultos-y-reconstruccion-de-accidentes\/#breadcrumb\",\"itemListElement\":[{\"@type\":\"ListItem\",\"position\":1,\"name\":\"navigation\",\"item\":\"https:\/\/peritosjudiciales2020.com\/\"},{\"@type\":\"ListItem\",\"position\":2,\"name\":\"Servicios\",\"item\":\"https:\/\/peritosjudiciales2020.com\/index.php\/services\/\"},{\"@type\":\"ListItem\",\"position\":3,\"name\":\"Investigaci\u00f3n de Aver\u00edas, Vicios ocultos y Reconstrucci\u00f3n de accidentes\"}]},{\"@type\":\"WebSite\",\"@id\":\"https:\/\/peritosjudiciales2020.com\/#website\",\"url\":\"https:\/\/peritosjudiciales2020.com\/\",\"name\":\"PERITOS JUDICIALES 2020\",\"description\":\"Gabinete especializado en Peritaci\u00f3n Judicial\",\"publisher\":{\"@id\":\"https:\/\/peritosjudiciales2020.com\/#organization\"},\"potentialAction\":[{\"@type\":\"SearchAction\",\"target\":{\"@type\":\"EntryPoint\",\"urlTemplate\":\"https:\/\/peritosjudiciales2020.com\/?s={search_term_string}\"},\"query-input\":{\"@type\":\"PropertyValueSpecification\",\"valueRequired\":true,\"valueName\":\"search_term_string\"}}],\"inLanguage\":\"es\"},{\"@type\":\"Organization\",\"@id\":\"https:\/\/peritosjudiciales2020.com\/#organization\",\"name\":\"PERITOS JUDICIALES 2020\",\"url\":\"https:\/\/peritosjudiciales2020.com\/\",\"logo\":{\"@type\":\"ImageObject\",\"inLanguage\":\"es\",\"@id\":\"https:\/\/peritosjudiciales2020.com\/#\/schema\/logo\/image\/\",\"url\":\"https:\/\/peritosjudiciales2020.com\/wp-content\/uploads\/2023\/08\/cropped-Peritos-Judiciales.png\",\"contentUrl\":\"https:\/\/peritosjudiciales2020.com\/wp-content\/uploads\/2023\/08\/cropped-Peritos-Judiciales.png\",\"width\":250,\"height\":250,\"caption\":\"PERITOS JUDICIALES 2020\"},\"image\":{\"@id\":\"https:\/\/peritosjudiciales2020.com\/#\/schema\/logo\/image\/\"}}]}<\/script>\n<!-- \/ Yoast SEO plugin. -->","yoast_head_json":{"title":"Investigaci\u00f3n de Aver\u00edas, Vicios ocultos y Reconstrucci\u00f3n de accidentes - PERITOS JUDICIALES 2020","robots":{"index":"index","follow":"follow","max-snippet":"max-snippet:-1","max-image-preview":"max-image-preview:large","max-video-preview":"max-video-preview:-1"},"canonical":"https:\/\/peritosjudiciales2020.com\/index.php\/services\/investigacion-de-averias-vicios-ocultos-y-reconstruccion-de-accidentes\/","og_locale":"es_ES","og_type":"article","og_title":"Investigaci\u00f3n de Aver\u00edas, Vicios ocultos y Reconstrucci\u00f3n de accidentes - PERITOS JUDICIALES 2020","og_description":"Investigaci\u00f3n de Aver\u00edas, Vicios ocultos y Reconstrucci\u00f3n de Accidentes Peritamos todo tipo de defectos en un veh\u00edculo, determinando la causa de la aver\u00eda y la indemnizaci\u00f3n correspondiente. Este tipo de informe&nbsp;pericial puede esclarecer la causa de una aver\u00eda en el veh\u00edculo,ya sea por una mala reparaci\u00f3n realizada o simplemente por desgaste de una pieza o &hellip; Continuar leyendo \"Investigaci\u00f3n de Aver\u00edas, Vicios ocultos y Reconstrucci\u00f3n de accidentes\"","og_url":"https:\/\/peritosjudiciales2020.com\/index.php\/services\/investigacion-de-averias-vicios-ocultos-y-reconstruccion-de-accidentes\/","og_site_name":"PERITOS JUDICIALES 2020","article_modified_time":"2022-08-25T13:29:29+00:00","og_image":[{"url":"http:\/\/peritosjudiciales2020.com\/wp-content\/uploads\/2020\/07\/car-repair-362150_1920.jpg","type":"","width":"","height":""}],"twitter_card":"summary_large_image","twitter_misc":{"Tiempo de lectura":"1 minuto"},"schema":{"@context":"https:\/\/schema.org","@graph":[{"@type":"WebPage","@id":"https:\/\/peritosjudiciales2020.com\/index.php\/services\/investigacion-de-averias-vicios-ocultos-y-reconstruccion-de-accidentes\/","url":"https:\/\/peritosjudiciales2020.com\/index.php\/services\/investigacion-de-averias-vicios-ocultos-y-reconstruccion-de-accidentes\/","name":"Investigaci\u00f3n de Aver\u00edas, Vicios ocultos y Reconstrucci\u00f3n de accidentes - PERITOS JUDICIALES 2020","isPartOf":{"@id":"https:\/\/peritosjudiciales2020.com\/#website"},"primaryImageOfPage":{"@id":"https:\/\/peritosjudiciales2020.com\/index.php\/services\/investigacion-de-averias-vicios-ocultos-y-reconstruccion-de-accidentes\/#primaryimage"},"image":{"@id":"https:\/\/peritosjudiciales2020.com\/index.php\/services\/investigacion-de-averias-vicios-ocultos-y-reconstruccion-de-accidentes\/#primaryimage"},"thumbnailUrl":"https:\/\/peritosjudiciales2020.com\/wp-content\/uploads\/2020\/07\/car-repair-362150_1920.jpg","datePublished":"2020-09-03T07:34:55+00:00","dateModified":"2022-08-25T13:29:29+00:00","breadcrumb":{"@id":"https:\/\/peritosjudiciales2020.com\/index.php\/services\/investigacion-de-averias-vicios-ocultos-y-reconstruccion-de-accidentes\/#breadcrumb"},"inLanguage":"es","potentialAction":[{"@type":"ReadAction","target":["https:\/\/peritosjudiciales2020.com\/index.php\/services\/investigacion-de-averias-vicios-ocultos-y-reconstruccion-de-accidentes\/"]}]},{"@type":"ImageObject","inLanguage":"es","@id":"https:\/\/peritosjudiciales2020.com\/index.php\/services\/investigacion-de-averias-vicios-ocultos-y-reconstruccion-de-accidentes\/#primaryimage","url":"https:\/\/peritosjudiciales2020.com\/wp-content\/uploads\/2020\/07\/car-repair-362150_1920.jpg","contentUrl":"https:\/\/peritosjudiciales2020.com\/wp-content\/uploads\/2020\/07\/car-repair-362150_1920.jpg","width":1920,"height":1280,"caption":"Investigaci\u00f3n de Aver\u00edas, Vicios ocultos y Reconstrucci\u00f3n de accidentes"},{"@type":"BreadcrumbList","@id":"https:\/\/peritosjudiciales2020.com\/index.php\/services\/investigacion-de-averias-vicios-ocultos-y-reconstruccion-de-accidentes\/#breadcrumb","itemListElement":[{"@type":"ListItem","position":1,"name":"navigation","item":"https:\/\/peritosjudiciales2020.com\/"},{"@type":"ListItem","position":2,"name":"Servicios","item":"https:\/\/peritosjudiciales2020.com\/index.php\/services\/"},{"@type":"ListItem","position":3,"name":"Investigaci\u00f3n de Aver\u00edas, Vicios ocultos y Reconstrucci\u00f3n de accidentes"}]},{"@type":"WebSite","@id":"https:\/\/peritosjudiciales2020.com\/#website","url":"https:\/\/peritosjudiciales2020.com\/","name":"PERITOS JUDICIALES 2020","description":"Gabinete especializado en Peritaci\u00f3n Judicial","publisher":{"@id":"https:\/\/peritosjudiciales2020.com\/#organization"},"potentialAction":[{"@type":"SearchAction","target":{"@type":"EntryPoint","urlTemplate":"https:\/\/peritosjudiciales2020.com\/?s={search_term_string}"},"query-input":{"@type":"PropertyValueSpecification","valueRequired":true,"valueName":"search_term_string"}}],"inLanguage":"es"},{"@type":"Organization","@id":"https:\/\/peritosjudiciales2020.com\/#organization","name":"PERITOS JUDICIALES 2020","url":"https:\/\/peritosjudiciales2020.com\/","logo":{"@type":"ImageObject","inLanguage":"es","@id":"https:\/\/peritosjudiciales2020.com\/#\/schema\/logo\/image\/","url":"https:\/\/peritosjudiciales2020.com\/wp-content\/uploads\/2023\/08\/cropped-Peritos-Judiciales.png","contentUrl":"https:\/\/peritosjudiciales2020.com\/wp-content\/uploads\/2023\/08\/cropped-Peritos-Judiciales.png","width":250,"height":250,"caption":"PERITOS JUDICIALES 2020"},"image":{"@id":"https:\/\/peritosjudiciales2020.com\/#\/schema\/logo\/image\/"}}]}},"_links":{"self":[{"href":"https:\/\/peritosjudiciales2020.com\/index.php\/wp-json\/wp\/v2\/pages\/1552","targetHints":{"allow":["GET"]}}],"collection":[{"href":"https:\/\/peritosjudiciales2020.com\/index.php\/wp-json\/wp\/v2\/pages"}],"about":[{"href":"https:\/\/peritosjudiciales2020.com\/index.php\/wp-json\/wp\/v2\/types\/page"}],"author":[{"embeddable":true,"href":"https:\/\/peritosjudiciales2020.com\/index.php\/wp-json\/wp\/v2\/users\/1"}],"replies":[{"embeddable":true,"href":"https:\/\/peritosjudiciales2020.com\/index.php\/wp-json\/wp\/v2\/comments?post=1552"}],"version-history":[{"count":9,"href":"https:\/\/peritosjudiciales2020.com\/index.php\/wp-json\/wp\/v2\/pages\/1552\/revisions"}],"predecessor-version":[{"id":2364,"href":"https:\/\/peritosjudiciales2020.com\/index.php\/wp-json\/wp\/v2\/pages\/1552\/revisions\/2364"}],"up":[{"embeddable":true,"href":"https:\/\/peritosjudiciales2020.com\/index.php\/wp-json\/wp\/v2\/pages\/21"}],"wp:attachment":[{"href":"https:\/\/peritosjudiciales2020.com\/index.php\/wp-json\/wp\/v2\/media?parent=1552"}],"curies":[{"name":"wp","href":"https:\/\/api.w.org\/{rel}","templated":true}]}}